 Suppose j - 4 = 2*i. Let k = i + 4. What is the units digit of k?
3
Let d(u) = -4*u + 2. Let c be d(8). Let b = 52 + c. What is the tens digit of b?
2
Suppose 3*c + 21 = -t, 3*t + 0 + 8 = 2*c. What is the units digit of -22*(3 - (-21)/t)?
1
Let p(y) = y**3 + 4*y**2 - 3*y - 4. Let j be p(-5). Let b = -7 - j. Let g = 1 + b. What is the units digit of g?
8
Let x(l) = 5*l**3 - l**2 - 5*l. Let i(u) = -u**3 + u**2. Let q(g) = -6*i(g) - x(g). Suppose 6 = 4*k - 5*z - 20, 4*z + 12 = k. What is the units digit of q(k)?
4
Let v = -3 - -7. Suppose 0 = 3*k - 15 - 0, -v*s = -2*k - 42. What is the units digit of s?
3
Let y(p) = -p**3 + 17*p**2 + 27*p - 36. What is the hundreds digit of y(18)?
1
Let w be 6 - 0 - (-4)/(-2). Suppose -5*u + w*l + 146 = 0, -103 = -3*u + 4*l - 9. Let g = u + -16. What is the tens digit of g?
1
Suppose 3*n = -12, 0 = 5*f - 2*n - 2 + 4. Let i be 8/12*(-6)/4. What is the units digit of (-2)/(-4) + i/f?
1
What is the tens digit of ((-144)/(-10))/(4/10)?
3
Let y(a) = 3*a**2 + 7*a + 3. Let g(d) = -2*d**2 - 6*d - 3. Let r(p) = 4*g(p) + 3*y(p). Let w be r(5). What is the units digit of (-1)/((-8)/w - -1)?
7
Let a(h) = 26*h + 1. What is the units digit of a(2)?
3
Suppose 2*v = 3*h + 8, -4*h - 2 - 2 = -v. Let x = 14 + v. Suppose x = -2*b + 4*b. What is the units digit of b?
9
Let q(z) = -6*z - 10. Let y be q(-5). Suppose 2*b - 44 = y. What is the units digit of b?
2
Suppose -r = 5 + 3. What is the tens digit of (-3 + r)*-2 - -1?
2
What is the tens digit of (12/(-8))/((-9)/156)?
2
Suppose -3*l = -4*l + 4. Suppose -15 = 3*m, 8*g + 4 = l*g - 4*m. Suppose 0 = -5*r + 2*r - 3, 33 = g*c - 5*r. What is the units digit of c?
7
Let k(a) = 2*a**2 + 5*a - 10. What is the units digit of k(5)?
5
What is the units digit of 784/(-140)*(-10 - 0)?
6
Let a be -12*(3/2 + -3). Suppose -a = -y - 5*y. What is the units digit of y?
3
Let m = -7 + 1. Let u be 0*3*(-2)/m. Let a = u + 2. What is the units digit of a?
2
Suppose 3*p + 5*j = -66 + 421, 4*p + 5*j = 465. What is the hundreds digit of p?
1
Suppose 0 = 5*g - 0*g - 130. What is the tens digit of g?
2
Suppose 2*p = -5*l - 191 + 966, 294 = 2*l + 4*p. Suppose j + 4*j = t + 191, 4*j - 5*t - l = 0. What is the units digit of (4 - 2)*j/4?
9
Let u(r) = -17*r**3 + 2*r**2 - 1. What is the units digit of u(-1)?
8
Let f = -81 - -117. What is the units digit of f?
6
Suppose -3*c - c + 40 = 0. Suppose -3*n + n = -c. What is the units digit of n?
5
Suppose 0 = -5*a + a + 8. What is the units digit of 16 - 1 - (4 - a)?
3
Let p = 29 + -17. What is the units digit of p?
2
Let o(z) = -z**2 + 8*z - 1 + 2 - 10. Let g be o(6). Let a = g + -2. What is the units digit of a?
1
Let p(c) = 2*c - 3. Let s(h) = h**2 - 2*h - 4. Let o be s(4). What is the units digit of p(o)?
5
Suppose 20 + 30 = 2*g. Suppose -2*t = 2*x - g - 11, 4*t - 48 = 4*x. What is the units digit of t?
5
Let x(t) = -t**3 + 7*t**2 + 6*t. What is the tens digit of x(7)?
4
Let g(q) = q - 3. What is the units digit of g(5)?
2
Let p(k) = 6*k - 8. What is the tens digit of p(9)?
4
Let z(t) = -t**3 - 1. Let g be -1*(1 + -1 - 1). Let x be z(g). What is the units digit of (x/(-3))/((-2)/(-3))?
1
Let p(m) = -m**2 + 38. Let z be p(0). Let x = z - 13. What is the units digit of x?
5
Let l = 8 - 14. Let i(v) = v**2 + 5*v - 2. What is the units digit of i(l)?
4
Suppose 0 = -y + 111 + 51. What is the tens digit of y?
6
Let b(k) = -k**3 + 3*k**2 + 7*k + 11. What is the units digit of b(-5)?
6
Suppose 4*d + 2 - 12 = -v, 2*v + 6 = 5*d. Suppose r - v*s - 8 = 0, r + 13 = -0*s - 5*s. Suppose -r*y + 32 = 2*y. What is the units digit of y?
8
Suppose a - 58 = 5*j, -4*a = -2*a + 4. Let v = j - -22. What is the units digit of v?
0
Let g = 7 - 4. Let h = 5 + g. What is the units digit of h?
8
Suppose 3*d = -5 + 122. What is the tens digit of d?
3
Let j(m) be the third derivative of m**5/60 - m**3/3 + 2*m**2. What is the units digit of j(4)?
4
Suppose y = 5*q + 30, -50 = -5*y + 4*q + q. Let m be 2/(-2)*-1*y. Let c(i) = i**3 - 4*i**2 - 4*i + 5. What is the units digit of c(m)?
0
Let u be (-6)/((-3)/(-27)*-2). Let v = u + -13. What is the units digit of v?
4
Let y(g) = 9*g**2 + g - 1. Let v(f) = f**2 - 2*f - 7 + 8 - f. Let m be v(3). What is the units digit of y(m)?
9
Let z(s) = s**3 - 7*s**2 - s + 7. Let w be z(7). Suppose -2*h + 4 + 8 = w. What is the units digit of h?
6
Let k be 1/(-4) - (-87)/12. Suppose 3*b - 37 + k = 0. What is the tens digit of b?
1
Let t be (-180)/(-14) - 2/(-14). Suppose -5*k + 92 = -t. What is the tens digit of k?
2
Let g(u) = u**2 + 8*u + 2. Let r be g(-8). Let c = r - 2. Suppose c = 2*k - 7*k + 10. What is the units digit of k?
2
Let g(v) be the second derivative of v**4/12 + 2*v**3/3 - 3*v**2 - 4*v. What is the units digit of g(-6)?
6
Suppose -7*n + 28 = -3*n. Suppose 0 = -2*k + 5*h + 158, -4*h - 93 = -5*k + 302. What is the units digit of k/7 + (-2)/n?
1
What is the units digit of (2*1)/((-1)/(-5))?
0
Suppose 13*w = 24*w - 198. What is the tens digit of w?
1
Suppose 0 = 5*s + 3*y - 26, 2*y - 14 = -3*s + 2. Suppose -16 = -4*m, -4*k - 2 - 2 = -s*m. What is the units digit of k?
3
What is the units digit of 6/8 + (-1525)/(-20)?
7
Let o(n) = -n + 3. Let w(z) = z + 1. Let f(r) = -o(r) - 4*w(r). What is the units digit of f(-5)?
8
Suppose 3*z - 207 = -3*k, 141 = 2*k - 2*z + 7*z. Suppose n + 4*y - k = -n, 3*n + 5*y - 99 = 0. What is the units digit of n?
8
Let u = -19 - -30. What is the units digit of u?
1
Let c(t) = -t**3 + 14*t**2 + 15*t - 3. Let o be c(15). Let k(i) = -i**3 - 5*i**2 + 7*i + 7. Let p be k(-6). What is the units digit of o/(p*(-6)/4)?
2
Suppose 971 = 3*k + n, -4*k - n = 45 - 1338. Suppose -k = 5*f - 92. Let g = f - -64. What is the tens digit of g?
1
Let i be 1 + 1 + (-2 - -2). Let v(s) = -s**2 + 4*s - 4. Let g(b) = -2*b**2 + 7*b - 7. Let y(m) = -3*g(m) + 5*v(m). What is the units digit of y(i)?
3
Let b = -7 + 9. Suppose b*l = 3*l. Suppose l = 3*q - 2*q - 11. What is the units digit of q?
1
Let z = 65 - 34. What is the tens digit of z?
3
Let h(m) = 3*m - 1. Let a be h(3). Suppose -2*n = 2*n + a. What is the units digit of (n/3)/((-2)/3)?
1
What is the units digit of 13 + 1 + (-1 - 2)?
1
Suppose p - 2*l = 127, l - 300 = -4*p + 163. What is the tens digit of p?
1
Suppose 6*h + 24 = 8*h. What is the units digit of h?
2
Let w = 7 + -7. Let s = 8 - w. What is the units digit of s?
8
Let b = -5 - -7. Let x = b + 0. Suppose 0 = x*q + 2 - 8. What is the units digit of q?
3
Suppose r + 0*r - 3 = 0. What is the units digit of r/9 - (-6)/9?
1
Let p be (-2)/(-7) - 3390/(-42). Suppose 5*n - 145 = 5*w, 3*n - p - 2 = 4*w. What is the tens digit of n?
3
Let h = -94 - -161. What is the tens digit of h?
6
Suppose -3*k + 4 = -14. Suppose -2*v = -2*o + 14, -2*o - k = 5*v + 8. Suppose -o*z - 2*z = -20. What is the units digit of z?
4
Let h(q) = 13*q - 3. Let g be h(2). Suppose k - g = -5*y, -2*k + 6*y = 3*y + 6. Let m(c) = 3*c - 4. What is the units digit of m(k)?
5
What is the units digit of -4*(3 - (-10)/(-2))?
8
Let z(d) = d**3 - 7*d**2 + 3. Let f(c) = -2 - 1 - 4*c + c**2 + c. Let m be f(-2). What is the units digit of z(m)?
3
Suppose 186 = 3*l - 4*b, 3*b - 88 = -3*l + 77. What is the units digit of l?
8
Let x = -8 + 13. Suppose 4*y - 58 = -x*d, y - 8 = -5*d + 14. What is the units digit of y?
2
Let u be 2*3/18*3. Let k be 24/(-5) - u/5. Let v = 0 - k. What is the units digit of v?
5
Suppose -3*f = -6*f. Suppose 3*p - 13 = -g - f, 4*g = 16. What is the units digit of p?
3
Let d(n) = 1 + 2*n + 0*n**2 - 6*n**3 + n**2 + 0*n**3. Let w be d(-1). Let y(q) = q**2 - 5*q + 4. What is the units digit of y(w)?
0
Suppose 2720 = 10*t - 0*t. What is the units digit of t?
2
Let j(t) = t + 22. What is the tens digit of j(0)?
2
Let g(s) = s**3 + s**2 - 3*s + 1. Let o be g(2). Suppose -5*t + 115 = -y, -2*t + o*y = 2*y - 69. What is the units digit of t?
2
What is the tens digit of 236/16 + (-3)/(-12)?
1
Let g = 14 + -11. Suppose g*b = 20 + 13. What is the tens digit of b?
1
Let w(y) = 3*y + 14. What is the units digit of w(8)?
8
Suppose 0*y + 5*y + 14 = -3*k, 0 = -5*y - 5*k - 20. Let c be 0 - y - 6/(-3). Suppose -12 = -c*m + 12. What is the units digit of m?
8
Let m(v) = v. Let b(t) = 2*t. Let n(r) = -3*b(r) + 4*m(r). Let x be n(-2). Suppose 4*j + 5*h = 19, 0 = 5*j + h - 4 - x. What 